 factor of 117 and 369.
9
Calculate the greatest common divisor of 95427 and 207.
207
Calculate the greatest common factor of 17900 and 40.
20
What is the highest common factor of 8784 and 36?
36
Calculate the greatest common divisor of 56 and 1400.
56
Calculate the greatest common factor of 31560 and 240.
120
What is the greatest common divisor of 260 and 4?
4
What is the greatest common factor of 713 and 46?
23
What is the highest common divisor of 32 and 928?
32
Calculate the highest common factor of 5893 and 83.
83
Calculate the highest common factor of 81 and 783.
27
What is the greatest common factor of 15 and 1290?
15
What is the greatest common factor of 53 and 13?
1
What is the highest common factor of 8608 and 269?
269
Calculate the highest common divisor of 34596 and 108.
36
What is the highest common divisor of 78 and 52?
26
Calculate the highest common factor of 86 and 11008.
86
Calculate the greatest common factor of 11070 and 81.
27
What is the greatest common divisor of 54 and 288?
18
Calculate the greatest common factor of 24 and 18312.
24
What is the highest common divisor of 403 and 3263?
13
Calculate the highest common factor of 19 and 5.
1
Calculate the greatest common factor of 1829 and 62.
31
Calculate the highest common factor of 2982 and 126.
42
Calculate the highest common divisor of 16799 and 157.
157
Calculate the greatest common factor of 13 and 169.
13
What is the highest common divisor of 5 and 535?
5
Calculate the highest common factor of 1323 and 2401.
49
Calculate the greatest common divisor of 140 and 2360.
20
What is the highest common divisor of 4140 and 90?
90
What is the highest common factor of 18 and 24?
6
Calculate the greatest common factor of 864 and 18.
18
What is the greatest common factor of 202 and 10706?
202
What is the highest common divisor of 34 and 153?
17
What is the highest common divisor of 6 and 126?
6
Calculate the greatest common divisor of 140 and 1834.
14
Calculate the highest common divisor of 1660 and 20.
20
What is the highest common divisor of 1369 and 37?
37
What is the greatest common factor of 36896 and 32?
32
What is the greatest common factor of 628 and 4?
4
Calculate the highest common factor of 5225 and 25.
25
What is the highest common factor of 57 and 15333?
57
What is the highest common factor of 36 and 342?
18
What is the highest common divisor of 95 and 310?
5
What is the highest common divisor of 23 and 2047?
23
What is the greatest common factor of 44 and 107536?
44
Calculate the highest common divisor of 32 and 1424.
16
What is the highest common factor of 84 and 28?
28
What is the highest common factor of 240 and 55?
5
What is the greatest common divisor of 92 and 32?
4
What is the highest common divisor of 63 and 16569?
63
What is the highest common factor of 26 and 325?
13
What is the highest common divisor of 3959 and 642?
107
Calculate the greatest common factor of 81 and 3.
3
Calculate the greatest common factor of 24 and 30.
6
What is the greatest common divisor of 19 and 38?
19
Calculate the greatest common divisor of 12 and 696.
12
Calculate the greatest common divisor of 120 and 4680.
120
Calculate the greatest common factor of 152 and 722.
38
Calculate the highest common factor of 357 and 84.
21
Calculate the greatest common divisor of 3 and 39.
3
What is the highest common divisor of 2310 and 45?
15
Calculate the highest common factor of 36 and 9522.
18
What is the greatest common divisor of 32 and 62?
2
What is the greatest common factor of 176 and 2024?
88
Calculate the greatest common factor of 24186 and 139.
139
What is the highest common divisor of 6 and 4?
2
Calculate the greatest common factor of 399 and 147.
21
What is the greatest common divisor of 1107 and 162?
27
Calculate the highest common factor of 44 and 22.
22
Calculate the greatest common factor of 7 and 9107.
7
Calculate the highest common divisor of 57 and 6.
3
Calculate the highest common divisor of 4085 and 190.
95
Calculate the highest common divisor of 874 and 207.
23
What is the greatest common divisor of 37 and 9731?
37
What is the greatest common factor of 96 and 24?
24
Calculate the greatest common divisor of 244 and 1403.
61
Calculate the highest common factor of 77 and 825.
11
Calculate the greatest common divisor of 87 and 30015.
87
What is the highest common factor of 38 and 532?
38
Calculate the greatest common factor of 21 and 24.
3
Calculate the greatest common factor of 149 and 4768.
149
What is the highest common divisor of 8 and 82?
2
What is the greatest common factor of 72 and 16?
8
Calculate the greatest common factor of 703 and 209.
19
What is the highest common factor of 408 and 3876?
204
What is the highest common divisor of 63 and 483?
21
What is the greatest common divisor of 324 and 126?
18
What is the highest common factor of 8 and 192?
8
What is the greatest common factor of 21 and 8505?
21
Calculate the highest common factor of 260 and 2392.
52
What is the highest common factor of 78 and 975?
39
Calculate the greatest common divisor of 486 and 12.
6
What is the highest common divisor of 129 and 11481?
129
What is the greatest common factor of 476 and 70?
14
What is the greatest common divisor of 3906 and 744?
186
What is the greatest common factor of 371 and 49?
7
What is the highest common factor of 639 and 27?
9
Calculate the greatest common divisor of 8 and 2.
2
Calculate the highest common factor of 253 and 99.
11
What is the greatest common factor of 38 and 62?
2
What is the greatest common divisor of 1172 and 56?
4
Calculate the highest common divisor of 2224 and 32.
16
Calculate the highest common divisor of 16 and 2.
2
Calculate the greatest common factor of 1557 and 18.
9
Calculate the greatest common divisor of 14 and 1918.
14
What is the greatest common divisor of 121 and 33?
11
What is the greatest common divisor of 96 and 225?
3
What is the greatest common factor of 80 and 11800?
40
Calculate the greatest common factor of 204 and 4.
4
Calculate the greatest common divisor of 507 and 156.
39
Calculate the highest common divisor of 168 and 59724.
84
What is the highest common divisor of 2829 and 69?
69
What is the greatest common divisor of 12892 and 44?
44
What is the greatest common divisor of 192 and 6?
6
Calculate the greatest common divisor of 100 and 350.
50
Calculate the greatest common factor of 2738 and 370.
74
Calculate the greatest common factor of 3914 and 171.
19
What is the highest common factor of 2925 and 45?
45
Calculate the greatest common factor of 105555 and 227.
227
Calculate the greatest common factor of 351 and 54.
27
Calculate the greatest common divisor of 7074 and 72.
18
Calculate the greatest common divisor of 57 and 1482.
57
What is the greatest common factor of 26 and 3146?
26
Calculate the highest common divisor of 40 and 515.
5
What is the highest common factor of 1302 and 930?
186
What is the greatest common divisor of 44 and 858?
22
What is the highest common factor of 216 and 243?
27
Calculate the highest common divisor of 200 and 1960.
40
Calculate the highest common factor of 1938 and 3264.
102
What is the greatest common divisor of 377 and 2407?
29
What is the greatest common divisor of 13 and 2587?
13
What is the highest common factor of 297 and 108?
27
What is the greatest common factor of 110 and 242?
22
Calculate the greatest common factor of 60 and 2580.
60
Calculate the highest common factor of 3924 and 5668.
436
Calculate the greatest common divisor of 156 and 663.
39
Calculate the highest common divisor of 396 and 336.
12
Calculate the greatest common divisor of 828 and 36.
36
Calculate the greatest common divisor of 93 and 155.
31
Calculate the greatest common factor of 1957 and 95.
19
What is the greatest common factor of 687 and 48?
3
Calculate the highest common divisor of 37 and 19.
1
What is the highest common divisor of 119 and 272?
17
What is the highest common factor of 74262 and 6?
6
What is the highest common factor of 39357 and 9?
9
Calculate the greatest common factor of 18430 and 190.
190
Calculate the greatest common factor of 54 and 32562.
54
What is the highest common divisor of 506 and 69?
23
Calculate the greatest common divisor of 5109 and 364.
13
What is the greatest common 